3*f + 3, 2*d - 2 = -2*f. What are the prime factors of d?
2
Suppose 2*g - n - 713 = 95, -5*g + 4*n + 2017 = 0. List the prime factors of g.
3, 5
Suppose q = 6*q - 10. Suppose -q*w - 11 = -3*s + 2*w, 0 = -4*w - 20. List the prime factors of -7*2/6*s.
7
Let s = -4 + 23. What are the prime factors of s?
19
Suppose -q = 3, 3*q + 2*q - 355 = -5*m. Suppose 3*w + m + 7 = 0. Let h = -18 - w. What are the prime factors of h?
3
Let j(u) = 20*u**2 - 3*u - 6. What are the prime factors of j(-3)?
3, 61
Let g be 1 + 0 - 2*17. Let a be (-3)/(-12) + 85/(-4). Let j = a - g. What are the prime factors of j?
2, 3
What are the prime factors of (-2)/(-3 + -3)*27?
3
Let x = -5 - -8. Suppose -26 = -x*b - 5*u, 0 = -b + 4*u - 5 + 25. Suppose -3*j = -2*v - 3, 3*j = -v - 0*v + b. List the prime factors of v.
3
Let y = 6 - 4. Suppose -s = y*s. Suppose 5*d - 3*d - 30 = s. List the prime factors of d.
3, 5
Let a be (3 + -1)/(4/18). Suppose d - a = -0*d. List the prime factors of d.
3
Suppose 42 = -3*u + 180. List the prime factors of u.
2, 23
Let f = 20 + -10. List the prime factors of f.
2, 5
List the prime factors of 1*(2 + -1)*(-448)/(-14).
2
Let j(v) = -6 - 9 + 10*v**2 + 6*v**2 + v**3 - 3*v. List the prime factors of j(-16).
3, 11
Suppose 2*v = 4*r + 57 + 73, 4*r + 264 = 4*v. What are the prime factors of v?
67
Let f = 8 - 17. Let c be 24/f*-1*3. Suppose -c = 2*q - 4*q. What are the prime factors of q?
2
Let m(h) = 39*h**2 - 1. Let n be m(1). Suppose 4*y - n = -3*w, 4*y + 32 = 2*w - 0*y. Let a = w - 8. List the prime factors of a.
2, 3
Suppose 28 = k - u + 4, 5*k + 4*u = 120. Suppose -3*a - k = 4*d + a, -2*a - 22 = 3*d. List the prime factors of -30*(4/d + 0).
2, 3
Let b(t) = -t**2 - 9*t + 8. Let y be b(-9). Suppose 2 + y = -5*l, 3*l + 116 = 5*m. List the prime factors of m.
2, 11
Suppose 3*o + 2*w - 7 = 0, 0 = -o + 2*o + 3*w. Suppose j - 76 = -o*j. List the prime factors of j.
19
Let p be 10/25*(0 - -70). What are the prime factors of p/(9/3 + -1)?
2, 7
Let m = 27 - -7. Suppose 4*v = -m + 114. What are the prime factors of v?
2, 5
Let s = 170 + -117. List the prime factors of s.
53
Let g = 22 - -216. List the prime factors of g.
2, 7, 17
Suppose 3*l + 7 + 20 = 0. Let w = -101 + -11. What are the prime factors of w/(-18) - (-2)/l?
2, 3
Suppose 4 + 16 = 4*z. Suppose m = -3*o + z, 0 = -2*m + 3*o + 1. What are the prime factors of m?
2
List the prime factors of (-12)/(-66) + (-1664)/(-44).
2, 19
Let h(q) = -9*q**3 - 2*q**2 - 2*q - 1. Let x be h(-1). Let z = -10 + x. List the prime factors of z + (17 - (-2)/(-1)).
13
Let j(r) = 11*r**2 + r. Let k be j(-1). Let p be (-69)/(-15) + 4/k. Let i = 6 + p. What are the prime factors of i?
11
Let x(n) = -3*n + 17*n - 4*n. Let y be x(-1). Let r(g) = -g - 8. List the prime factors of r(y).
2
Let v = 6 - 6. Suppose -b - 3*b + 24 = v. List the prime factors of b.
2, 3
Let t be 5 - (-3)/(6/(-2)). Suppose -h = t*h + 30. List the prime factors of (-4)/h - (-112)/12.
2, 5
Let k(m) = m + 8. Let t be k(8). Suppose 3*j - 22 = -4*u, -2*j + 2*u + t = 4*u. Suppose -3*q + j = -2*q. List the prime factors of q.
2, 5
Let k = 571 + -401. Suppose 0 = -6*n + n + k. List the prime factors of n.
2, 17
Suppose z - 53 + 6 = -5*a, 5*a = -3*z + 161. Let s = z + -41. What are the prime factors of s?
2
Let w = -3 + 5. Suppose w*j = -j + 45. What are the prime factors of j?
3, 5
Suppose 2*v - 4*w - 44 = 0, 5*w + 68 = 4*v + 2*w. What are the prime factors of v?
2, 7
Let v(i) = i. Let j(a) = -7*a - 3. Let l(u) = j(u) + 6*v(u). What are the prime factors of l(-5)?
2
Let z = 42 - -6. What are the prime factors of z?
2, 3
Let t(a) = -45*a**3 + 2*a + 1. List the prime factors of t(-1).
2, 11
Let p(g) = -3*g - 1. Let d be p(-3). Suppose 2*b = -0*b + d. Suppose 0*l - 6 = l - b*y, 0 = -3*l - 3*y + 57. What are the prime factors of l?
2, 7
Let x be ((-40)/(-12))/((-10)/(-15)). Suppose x*y - r - 167 = 2*r, -3*y - 4*r = -106. What are the prime factors of y?
2, 17
Let p = 70 + -21. What are the prime factors of p?
7
What are the prime factors of -16*(-2 - 22/4)?
2, 3, 5
Let p = 18 + -8. Let m = 14 - p. What are the prime factors of m?
2
Let u = 10 - 7. Suppose 4*z = 3*o + 28, 4*o = -u*z + 3*o + 8. List the prime factors of 3/(-3 + 18/z).
2
Let p(g) = -3 + 1 + 1 - 4 + g**3 - 4*g + 4*g**2. List the prime factors of p(-4).
11
What are the prime factors of 2/4*(3 - 3 - -36)?
2, 3
Let f(y) = -10*y + 45. List the prime factors of f(-7).
5, 23
Let l(o) = -o**2 + 1. Let f(a) = 14*a**2 + a - 5. Let u(s) = f(s) + 6*l(s). List the prime factors of u(-1).
2
List the prime factors of (-232)/(-12)*21/(-2)*-1.
7, 29
Let i(y) = 3*y - 1. Let d be i(4). Suppose -b + d = 1. What are the prime factors of b?
2, 5
Let q = 32 - 4. Let s = 0 + q. List the prime factors of s.
2, 7
Suppose -g = -2*p - 3*g + 66, -2*g - 58 = -2*p. List the prime factors of p.
31
Let b(u) = u**3 - 7*u**2 + 10. Suppose -3*f - f + 4 = 5*q, -4 = f. Suppose 2*s = -3*l - 0*s + 25, 3*l - 13 = q*s. What are the prime factors of b(l)?
2, 5
Suppose 2*p = 3*p - 5. Let u = -8 + p. What are the prime factors of (u/(-9))/((-1)/(-57))?
19
What are the prime factors of 8/28 - (-250)/7?
2, 3
Suppose -4 = m - 3*m, -3*z = -m - 13. Let l = z - 4. List the prime factors of -2 - 1*(-6)/l.
2
Let w(x) be the third derivative of x**4/6 - x**3/3 - 5*x**2. List the prime factors of w(16).
2, 31
Suppose -6*o + 394 = -170. What are the prime factors of o?
2, 47
Let u(r) = r**2 - 3*r - 4. Let v = 10 - 5. Suppose -46 = -v*m - 21. What are the prime factors of u(m)?
2, 3
Let k(z) = 7*z**2 - 12*z - 11. Let w(j) = -10*j**2 + 18*j + 16. Let b(r) = -7*k(r) - 5*w(r). List the prime factors of b(7).
2
List the prime factors of (1 + 1)/(4/62).
31
Let l be (1/(-1))/(1/(-3)). Suppose 96 = 3*s + 3*q, -l*s + 6*s - 96 = -4*q. What are the prime factors of s?
2
Let f(c) be the first derivative of -c**3/3 + 2*c**2 + 5*c - 2. Let a be f(5). Suppose -20 = -a*l - 4*l. List the prime factors of l.
5
Let q(y) = -32*y - 35. What are the prime factors of q(-5)?
5
Suppose -m = -5*o + 159 + 42, 2*o = -2*m + 78. What are the prime factors of o?
2, 5
Let t be 8/(3*(-2)/(-33)). What are the prime factors of 2/(-11) - (-536)/t?
2, 3
Suppose -2*j + 44 = 5*l, 28 = 3*j + j - 5*l. List the prime factors of j.
2, 3
Let s be 18/3*1 - 1. Suppose -2*b = b - 2*w, s*b = -5*w. Let z = 3 + b. What are the prime factors of z?
3
Suppose 0 = -4*u + 3*x - 8*x + 181, 4*x - 135 = -3*u. What are the prime factors of u?
7
Let s = 12 + -10. Let u(l) = 0*l**2 + l**2 + 0*l**2. List the prime factors of u(s).
2
Let o = 1 - -2. Suppose o*s = 9 + 6. Suppose 3*m = u + 7, u = 4*m + s*u - 36. What are the prime factors of m?
2
What are the prime factors of (-9)/2*40/(-12)?
3, 5
Suppose -5*u + 2*f + 1295 = 0, -2*f + 5 = -3*f. List the prime factors of u.
257
Let w = -5 - -10. Let a(y) = y**3 - 4*y**2 - y + 3. List the prime factors of a(w).
23
Let x(v) = -2*v**3 - 6*v**2 + 9*v + 9. What are the prime factors of x(-5)?
2
Suppose n + 3 - 5 = 0. Suppose 0 = -n*x + 16 - 4. Suppose -2*a - 8 = -x*a. List the prime factors of a.
2
Let f(h) = -h**2 - h. Let y be f(-2). Let b be -6*(-1)/2 + y. List the prime factors of 38/10 - b/(-5).
2
Suppose y - 5*f = -0*y - 10, -2*f = -y - 4. Suppose y = -2*g - 2*i + 9 + 1, 2*i = g + 4. Suppose 20 = -g*k + 6*k. List the prime factors of k.
5
Let v = -5 + 9. Let r = v - 4. Suppose r*j - 14 = -j. List the prime factors of j.
2, 7
Let o(j) = j + 2. Let a be o(6). List the prime factors of ((-30)/a)/(1/(-8)).
2, 3, 5
List the prime factors of 44/8*(-1 + 11).
5, 11
Suppose 3 = -5*d + 13. Suppose 2*p = -3*b - 35, 5*b + d = 3*p + 45. Let m = p + 27. What are the prime factors of m?
11
Let t(m) = m**2 - 3*m - 5. Let g be t(6). Suppose g = 4*f - 19. What are the prime factors of f?
2
Let j(b) = -b**3 - 8*b**2 - 9*b - 2. Suppose -x - 3 = 4. List the prime factors of j(x).
2, 3
Let t be (4 - 2 - -1) + -1. Suppose -m - 23 = -2*j, -42 = -j - t*j - m. Suppose 5 = -d + j. What are the prime factors of d?
2
Suppose 2*n + 4*m = 4, -3*m = -5*n - 0 - 3. Let f be n/(2 - -1) - -2. What are the prime factors of -8*(2 - 5/f)?
2
Let t(b) = -b - 3. Let z be t(-3). Suppose 4*r = -z*r + 16. Suppose 0*c + 36 = r*c. List the prime factors of c.
3
Let b(o) = o + 7. Let a(r) = 2*r - 3. Let q be a(6).